{"id":65,"date":"2022-01-12T15:05:53","date_gmt":"2022-01-12T15:05:53","guid":{"rendered":"http:\/\/profilmonta.tx.no\/?page_id=65"},"modified":"2024-02-04T13:05:17","modified_gmt":"2024-02-04T12:05:17","slug":"om-oss","status":"publish","type":"page","link":"https:\/\/www.profilmontasje.no\/?page_id=65","title":{"rendered":"Om oss"},"content":{"rendered":"\n<p class=\"has-medium-font-size\"><strong>Profil Montasje as ble etablert i 1992 og har i alle \u00e5r v\u00e6rt en trygg og solid samarbeidspartner.<\/strong><\/p>\n\n\n\n<p>Profil Montasje as kan vise til en rekke st\u00f8rre prosjekter. For tiden er bedriften inne i en ekspansjonsperiode, med flere p\u00e5g\u00e5ende prosjekter i Oslo og \u00d8stlandsomr\u00e5det. Bedriften har flyttet inn i nye lokaler p\u00e5 Heir\u00f8nningen 11 &#8211; 3947 Porsgrunn, og har virkefelt over hele landet. Samtidig som vi er kjent for \u00e5 v\u00e6re en tradisjonell og trygg partner, er vi ikke redde for \u00e5 pr\u00f8ve nye og spennende l\u00f8sninger. I 2010 lanserte vi fasade- l\u00f8sninger som vi h\u00e5per vil revolusjonere markedet. N\u00e5 kan vi kle din fasade med Vinylitplater som har et naturtro utseende og ikke minst er raske og rimelige \u00e5 sette opp.<\/p>\n\n\n\n<p class=\"has-text-color has-medium-font-size\" style=\"color:#076892\">V\u00e5re overordnede m\u00e5l er\u2026<\/p>\n\n\n\n<ul class=\"wp-block-list\">\n<li>&nbsp;\u00e5 v\u00e6re en sikker og trivelig arbeidsplass for alle ansatte<\/li>\n\n\n\n<li>&nbsp;\u00e5 v\u00e6re konkurransedyktig i markedet<\/li>\n\n\n\n<li>&nbsp;\u00e5 ta vare p\u00e5 de ansattes helse, milj\u00f8 og sikkerhet<\/li>\n\n\n\n<li>&nbsp;\u00e5 fullt ut tilfredstille de krav og forventninger som v\u00e5re oppdragsgivere stiller<\/li>\n<\/ul>\n","protected":false},"excerpt":{"rendered":"<p>Profil Montasje as ble etablert i 1992 og har i alle \u00e5r v\u00e6rt en trygg og solid samarbeidspartner. Profil Montasje as kan vise til en rekke st\u00f8rre prosjekter. For tiden er bedriften inne i en ekspansjonsperiode, med flere p\u00e5g\u00e5ende prosjekter i Oslo og \u00d8stlandsomr\u00e5det. Bedriften har flyttet inn i nye lokaler p\u00e5 Heir\u00f8nningen 11 &#8211; &hellip; <\/p>\n<p class=\"link-more\"><a href=\"https:\/\/www.profilmontasje.no\/?page_id=65\" class=\"more-link\">Fortsett \u00e5 lese<span class=\"screen-reader-text\"> \u00abOm oss\u00bb<\/span><\/a><\/p>\n","protected":false},"author":1,"featured_media":202,"parent":0,"menu_order":0,"comment_status":"closed","ping_status":"closed","template":"","meta":{"footnotes":""},"class_list":["post-65","page","type-page","status-publish","has-post-thumbnail","hentry"],"_links":{"self":[{"href":"https:\/\/www.profilmontasje.no\/index.php?rest_route=\/wp\/v2\/pages\/65","targetHints":{"allow":["GET"]}}],"collection":[{"href":"https:\/\/www.profilmontasje.no\/index.php?rest_route=\/wp\/v2\/pages"}],"about":[{"href":"https:\/\/www.profilmontasje.no\/index.php?rest_route=\/wp\/v2\/types\/page"}],"author":[{"embeddable":true,"href":"https:\/\/www.profilmontasje.no\/index.php?rest_route=\/wp\/v2\/users\/1"}],"replies":[{"embeddable":true,"href":"https:\/\/www.profilmontasje.no\/index.php?rest_route=%2Fwp%2Fv2%2Fcomments&post=65"}],"version-history":[{"count":5,"href":"https:\/\/www.profilmontasje.no\/index.php?rest_route=\/wp\/v2\/pages\/65\/revisions"}],"predecessor-version":[{"id":297,"href":"https:\/\/www.profilmontasje.no\/index.php?rest_route=\/wp\/v2\/pages\/65\/revisions\/297"}],"wp:featuredmedia":[{"embeddable":true,"href":"https:\/\/www.profilmontasje.no\/index.php?rest_route=\/wp\/v2\/media\/202"}],"wp:attachment":[{"href":"https:\/\/www.profilmontasje.no\/index.php?rest_route=%2Fwp%2Fv2%2Fmedia&parent=65"}],"curies":[{"name":"wp","href":"https:\/\/api.w.org\/{rel}","templated":true}]}}